112122312
In base 2, what is 11 - -100111000100101000100001?
100111000100101000100100
In base 4, what is 1300000121011 - -10?
1300000121021
In base 9, what is 4803646 - -6?
4803653
In base 6, what is 2253145542 - -3?
2253145545
In base 8, what is 40170 - -27674?
70064
In base 15, what is -7edb + 26?
-7eb5
In base 10, what is 1454 - 813?
641
In base 4, what is -120233203 - 221?
-120300030
In base 8, what is -441 + -75331?
-75772
In base 6, what is -42 + 20155213?
20155131
In base 2, what is 1001010110000010001111 + 101111?
1001010110000010111110
In base 5, what is 3112103 + 1010?
3113113
In base 12, what is 89b - -34605?
352a4
In base 7, what is 0 + -100644364?
-100644364
In base 2, what is -1001100001 - 1111011111010011?
-1111101000110100
In base 11, what is 1427 - 3233?
-1907
In base 13, what is 3045c33 - 44?
3045bbc
In base 15, what is 33d07 + 30c?
34114
In base 3, what is 220020 - -1110100202?
1111020222
In base 4, what is 32012 - -113001132?
113033210
In base 16, what is -a3 - ce4d1?
-ce574
In base 2, what is -10001001010000000010100100 - -1?
-10001001010000000010100011
In base 16, what is 1 - -da530d?
da530e
In base 4, what is -33 - -11002121133?
11002121100
In base 13, what is -48 - 25b12?
-25b5a
In base 2, what is 11101111111011001010000111001 + 1?
11101111111011001010000111010
In base 3, what is -222101 + 2020111110?
2012112002
In base 9, what is 10 - 15508052?
-15508042
In base 9, what is 1614131 - -4?
1614135
In base 4, what is 12031112031 - 0?
12031112031
In base 14, what is 11c70c7 - 0?
11c70c7
In base 4, what is 11033100101 - -101?
11033100202
In base 12, what is 102 + 1a3b93?
1a4095
In base 7, what is 1 - -25620043?
25620044
In base 6, what is -4140120250 - -23?
-4140120223
In base 13, what is -2b8a8547 + 0?
-2b8a8547
In base 13, what is -335442 + 0?
-335442
In base 7, what is 40162 - -43223?
113415
In base 4, what is 2220300 + -33101?
2121133
In base 8, what is 4 - -751605?
751611
In base 4, what is -23010 + 1131031?
1102021
In base 16, what is -ab5519 - -5?
-ab5514
In base 13, what is -559a - -533?
-5067
In base 12, what is -3 + 557a80?
557a79
In base 11, what is -23332 + -13?
-23345
In base 12, what is b + -3b06a610?
-3b06a601
In base 3, what is -2212100220 - -1201?
-2212022012
In base 8, what is 10200 + -32221?
-22021
In base 8, what is -11 - 102315?
-102326
In base 12, what is -7 - 3b0b12b?
-3b0b136
In base 11, what is -61 - 1a7983a?
-1a798a0
In base 10, what is -1021 + 10946?
9925
In base 7, what is 2331400 + -104?
2331263
In base 11, what is -453 - -7079?
6726
In base 7, what is 10 - 2162155503?
-2162155463
In base 14, what is 2336 + -1a82a?
-184d4
In base 16, what is -1b + 52781?
52766
In base 14, what is -1c4162 + -3b?
-1c419d
In base 14, what is 875 + 23d5?
2c6a
In base 7, what is 5434312 - 3033?
5431246
In base 7, what is -1200 - 1032412?
-1033612
In base 7, what is -3 + 62365111?
62365105
In base 9, what is -5 - -1565151?
1565145
In base 3, what is 1010 - -211000222001?
211001000011
In base 9, what is -2106 - -122370?
120263
In base 14, what is -60ba - 4987?
-aa63
In base 8, what is 224021 + -6546?
215253
In base 3, what is -12101202 + 21201?
-12010001
In base 12, what is -4b1ab16 - 1?
-4b1ab17
In base 9, what is 5213722 + -17?
5213704
In base 11, what is 1 + -11966575?
-11966574
In base 14, what is -1 + 389dd8?
389dd7
In base 13, what is 8 + 44881b?
448826
In base 4, what is -3331122232 + 1203?
-3331121023
In base 3, what is 0 + 2010112200020022?
2010112200020022
In base 14, what is -7bb14253 - -1?
-7bb14252
In base 8, what is 1231605 - -342?
1232147
In base 6, what is 4 - 301535241?
-301535233
In base 9, what is 61288 + -54?
61234
In base 7, what is 135201131 + 0?
135201131
In base 15, what is -18e2791 + -d?
-18e279e
In base 4, what is 132230222 + 210302?
133101130
In base 8, what is -142034 + -56?
-142112
In base 11, what is -215790a7 + 0?
-215790a7
In base 11, what is 4 - -6629130?
6629134
In base 3, what is -21120 + 1110110201?
1110012011
In base 4, what is 1120 + 120331330?
120333110
In base 4, what is -1000310 + 3310?
-331000
In base 13, what is 27045b + -56?
270405
In base 10, what is -56415 - -13607?
-42808
In base 3, what is 20101011 - 1112011?
11212000
In base 9, what is 18 + -54085318?
-54085300
In base 15, what is 3786d + 9?
37877
In base 11, what is -3 + 5473410?
5473408
In base 6, what is 4 - -131133503?
131133511
In base 6, what is 5 + 214004225?
214004234
In base 14, what is -3 + -10c5006?
-10c5009
In base 2, what is 101111011011100011010 - 110?
101111011011100010100
In base 6, what is 2210343 + 3203?
2213550
In base 4, what is -2310021 + -121032021?
-130002102
In base 10, what is 43 - 11814476?
-11814433
In base 11, what is -2128 - 4492?
-660a
In base 3, what is -11022122010220 + -12?
-11022122011002
In base 4, what is 20023302313 + 103?
20023303022
In base 4, what is -22123131322 + -1021?
-22123133003
In base 3, what is -1110112101222 + 20100?
-1110112011122
In base 14, what is -d2ab51 + 1?
-d2ab50
In base 13, what is 4c0858 - 24?
4c0834
In base 5, what is 3 + -420103212302?
-420103212244
In base 5, what is 3111 + 41414432?
41423043
In base 6, what is 3250 - -403552?
411242
In base 12, what is -80798 + 3b?
-80759
In base 16, what is -5 - -523fea?
523fe5
In base 15, what is 684b - -2613?
8e5e
In base 10, what is 581025 + -1206?
579819
In base 16, what is 6 + -7364a0e?
-7364a08
In base 2, what is 1011110010110101110011 + -1111111?
1011110010110011110100
In base 16, what is -65e + -23cda?
-24338
In base 4, what is 2132112 - 211202?
1320310
In base 12, what is 26166 + b661?
35807
In base 14, what is -19a + 946c?
92b2
In base 6, what is 5011 + 4403?
13414
In base 5, what is -122104203 - -300?
-122103403
In base 7, what is 1165 + -43565?
-42400
In base 2, what is 100 - 1010101101100000000111111?
-1010101101100000000111011
In base 5, what is -113413044 + -10?
-113413104
In base 16, what is -853 - -1e6fc?
1dea9
In base 16, what is -2079d9 - -b?
-2079ce
In base 15, what is 65998c8 - 6?
65998c2
In base 15, what is -711 - -82d?
11c
In base 11, what is 2 - -2214216?
2214218
In base 16, what is -643f + -45?
-6484
In base 2, what is 10100100110111 + -10010000101111?
10100001000
In base 15, what is 1a + -68bb04?
-68bad9
In base 7, what is -126056533 - 5?
-126056541
In base 12, what is 14b9 - 7604?
-6107
In base 6, what is -412203 + 21435?
-350324
In base 3, what is -121021121112 + 22100?
-121021022012
In base 9, what is 6 + -88532845?
-88532838
In base 15, what is 1a9ed + -d?
1a9e0
In base 2, what is 111000010100 + 1001010001100?
10000010100000
In base 13, what is -1c + -56b3a?
-56b59
In base 9, what is 26275031 - -4?
26275035
In base 9, what is 307470 + -28?
307441
In base 9, what is -137 + -218023?
-218161
In base 3, what is 11021211 + 11011000?
22102211
In base 14, what is 7 - -b7cc426?
b7cc42d
In base 14, what is -7a993 + -75?
-7aa28
In base 4, what is -1002003311303112 + -2?
-1002003311303120
In base 4, what is 120 - -100220022303?
100220023023
In base 12, what is -16354803 - 3?
-16354806
In base 16, what is 3 - 11a3823?
-11a3820
In base 8, what is 35 + 1165053?
1165110
In base 11, what is -3 - 5a81714?
-5a81717
In base 12, what is -16 - 4418114?
-441812a
In base 5, what is 10 + -3303313423?
-3303313413
In base 10, what is -676349 - 99?
-676448
In base 6, what is -304412 - 50342?
-355154
In base 2, what is 110010011101 + 1010111001111?
10001001101100
In base 10, what is 59 + -48256?
-48197
In base 9, what is 60303 + 115?
60418
In base 13, what is 17b9 - -21?
180a
In base 11, what is -2893588 + -50?
-2893628
In base 16, what is -2c64 + 4?
-2c60
In base 3, what is 20120002101222 - -101?
20120002102100
In base 7, what is 15026106 - -311?
15026420
In base 8, what is 34 - -12067015?
12067051
In base 12, what is -1a2 - -8693a0?
8691ba
In base 6, what is -104443345002 + -1?
-104443345003
In base 13, what is 107c0b6 + -1?
107c0b5
In base 7, what is 1310 - 204350?
-203040
In base 15, what is -291b1 + -a04?
-29bb5
In base 9, what is -261 - -6768?
6507
In base 2, what is 100101111100 + 101100101100?
1010010101000
In base 9, what is 118 - -434387?
434516
In base 10, what is 111 - 3038989?
-3038878
In base 5, what is 10 + 140044212211?
140044212221
In base 15, what is -5dd22d8 + -7?
-5dd22e0
In base 6, what is 223341